= -g**3 + 4*g**2 - 14*g + 4. Let d(t) = 2*v(t) + 9*w(t). Calculate d(5).
1
Let r(t) = 2*t**2 + 2*t**2 + 7*t - 3*t**2. Suppose 3*u = 4*z + 13, -4*u + 6 = -3*z - u. Determine r(z).
0
Let y = -1939 - -1946. Let q(k) = -k**3 + 7*k**2 + 6*k - 10. Determine q(y).
32
Let a(v) = -v**3 - 8*v**2 + 12*v + 10. Suppose 5*p = 3*b - 42, -4*b = 109*p - 107*p + 22. Determine a(p).
-17
Let b(u) be the first derivative of -5*u**4/4 + u**2 - 176. Calculate b(2).
-36
Let c(y) = -y**3 - 4*y**2 - y - 3. Let r = -108 + 113. Suppose -r*i + 4*i - 4 = 0. Give c(i).
1
Let i(x) be the third derivative of -x**5/60 - x**4/4 + 3*x**3/2 + 197*x**2. Give i(-7).
2
Let o(m) be the second derivative of m**8/6720 - m**7/2520 - m**6/240 + m**5/40 + m**4/3 + 3*m. Let i(z) be the third derivative of o(z). What is i(3)?
12
Suppose 5*d - 27 = 28. Suppose -2*x + d*x = 54. Let q(y) = -y**3 + 7*y**2 - 4*y + 3. Determine q(x).
15
Suppose 5*k + 3*r - 35 = 5*r, 4*r + 40 = 4*k. Let v(f) = f**2 - 3*f - 4. What is v(k)?
6
Let x(j) = j**3 - 7*j**2 + 7*j - 3. Let b = -84 + 90. Calculate x(b).
3
Let w(y) = y**3 + 6*y**2 - 9*y + 1. Suppose 33 = 2*a + 4*l - 29, a = 5*l + 3. Suppose 12 = -5*h - a. What is w(h)?
15
Let q(k) = 8*k + 303 + 307 - 589. Give q(-3).
-3
Let k(h) = -2*h + 18. Let n be k(8). Suppose 2*g + 4 = -n. Let f(j) = 2 + 4*j**3 - 1 - 3*j - 3*j**3 + 3*j**2. Determine f(g).
10
Suppose -11*r + 20*r = 153. Let q(d) = -7*d**2 - d**3 + 12*d - r*d - 3 + 2*d**3. Give q(8).
21
Suppose 9*i = 1578 - 1605. Let u(y) = 5*y + 6. Determine u(i).
-9
Suppose -86*h = -75*h. Let a(g) = -g**2 + 2*g - 16. Calculate a(h).
-16
Let b = 8278 + -8273. Let i(z) be the third derivative of -z**5/60 + z**4/8 + 2*z**3 - 2*z**2. Determine i(b).
2
Let t(n) = -6*n - 47. Let s be t(-8). Let h(a) = -2*a**2 + 0*a**3 + a - 9*a**3 - 6*a**3. What is h(s)?
-16
Let m(g) = 8*g + g + g**3 - 900 + 8*g**2 + 905. Determine m(-7).
-9
Let c(d) = 6*d - 1. Let y(m) = -6*m + 1. Let q(h) = -5*c(h) - 4*y(h). Let x be -3 - (-150)/(-20)*2/(-3). What is q(x)?
-11
Let s(x) = x**3 - 6*x**2 + 5*x + 8. Let m = 713 - 708. Calculate s(m).
8
Let x(d) be the first derivative of -d**2/2 - 4*d - 6. Give x(0).
-4
Suppose -2*s + 178 = 2*p, -5 + 3 = -p. Let y = s + -91. Let w(r) = 2*r**2 + 5*r. Determine w(y).
12
Suppose 4*p + 13 = 4*v - 15, 0 = -4*v + p + 34. Let b(w) = w - 6. Let h be b(v). Let o(c) = c**3 - 4*c**2 + 2*c - 4. Let z be o(h). Let g(d) = d + 9. Give g(z).
2
Let g(l) = 6*l**3 - 2*l**2 + 1. Let q = -23 - -43. Let z be 11/(-4) - 5/q. Let o be -4*(0 - -1) - z. Give g(o).
-7
Let l = -15 + 13. Let r(b) = 4*b + 3. Let z(x) = 9*x + 6. Let c(k) = 5*r(k) - 2*z(k). Calculate c(l).
-1
Let z(i) = i**2 - 7*i - 2. Let h(j) = -j**2 + 7*j + 2. Let o(p) = -3*h(p) - 4*z(p). Let v(t) = -t**2 + 8*t + 2. Let y(g) = 5*o(g) - 4*v(g). What is y(2)?
4
Let n(k) = k - 12. Suppose -5*d - 2*g + 30 = 0, -5*d = -4*d - 3*g - 23. Calculate n(d).
-4
Let f(u) = -2 + 3*u**3 + 0*u - 9*u**3 + 3*u**3 + u**3 - 2*u - 4*u**2. What is f(-3)?
22
Let q(s) = -s**3 - 3*s**2 + 1. Let o be 3/(-4) + 201/12. Suppose -4*k + 3*a + 42 = 0, 0*k - 4*a = -2*k + o. Let h be -2 - 3/k*4. Determine q(h).
1
Let m(z) = z**2 + 7*z - 6. Let n = 111 + -96. Let v be 1/(-2) - 82/4. Let b = v + n. What is m(b)?
-12
Let u(d) = 4*d**2 - 79*d - 27. Let r be u(20). Let s(p) = -p**2 - 6*p + 9. Determine s(r).
2
Let u(p) be the second derivative of p**4/3 - p**2 + 2*p. Let x(r) = -r - 1. Suppose -4*q + 21 = q + 4*a, 3*q + 5*a = 23. Let o be x(q). Calculate u(o).
14
Let d(l) = -4*l**3 - 7*l**3 - 9*l**2 - 17 + 10*l**3 + 14 - 16*l + 11. Calculate d(-7).
22
Let r(g) = g + 17. Suppose -7 = 3*a - 0*a + 4*x, -4*x = a - 3. What is r(a)?
12
Let j be (-14)/3 + 238/(-102). Suppose 0 = -3*p - 0*p. Let l(a) = 3 + a + p*a + 5. Give l(j).
1
Suppose -71 = -17*m + 116. Let f(k) = 3*k - 26. What is f(m)?
7
Let z(p) = -4*p**3 + p**2 + 4*p + 4. Let x be z(-1). Let v(w) = 0 + w - 3 + x + 4*w + w**2. What is v(-6)?
8
Let a(d) = 5*d**2 - 15*d - 3. Let s(f) = -f**2 + 4*f + 1. Let l(p) = -2*a(p) - 9*s(p). Let q(h) = -h**2 + 10*h - 11. Let c be q(9). What is l(c)?
5
Suppose 3*l = -5*b + 18, 4*b + 24 = 11*l - 7*l. Let t(z) = -z**3 + 7*z**2 - 3*z + 1. Give t(l).
19
Let k = 159 - 156. Let i(o) = o**3 + 5*o**2 - 7*o - 3. Let h be i(-6). Let s(p) = 2*p + 2*p**3 - 2 + 2*p + 5*p**2 - 3*p**2 - 3*p**h. What is s(k)?
1
Let b = -2 + -6. Let r(q) be the third derivative of -q**6/720 - q**5/120 + 29*q**4/24 + 2*q**2 + q. Let p(a) be the second derivative of r(a). Give p(b).
7
Let v(r) be the third derivative of -r**5/60 - r**4/8 + r**3/2 - 16*r**2. Let p(h) = 1. Let a(l) = 6*p(l) - v(l). What is a(-4)?
7
Let z be 2 + 2 - 2 - -10*2. Let d = z + -15. Let j(o) = -o + 6. Give j(d).
-1
Let b = 6 + -10. Let o be (0 + -2)*2/2*-1. Let c(m) = 22 - o*m + 27 - 55. Determine c(b).
2
Let n(t) = -t + 2. Let r(a) = a - 2. Let s(x) = -5*n(x) - 6*r(x). Let w be s(6). Let d(o) = -2 - 5 - 2 + 4 - 4*o. What is d(w)?
11
Let o(l) be the second derivative of 22*l + 1/6*l**3 + 1/2*l**2 + 0. Calculate o(3).
4
Let z(s) = s**3 + 45*s**2 + 125*s - 45. Let o be z(-42). Let v(k) = k**2 + 7*k. Let n(u) = -u**2 - 8*u. Let i(h) = -3*n(h) - 4*v(h). Give i(o).
3
Let z be 6 - -1 - (0 + (9 - 4)). Let x(k) be the third derivative of 0 - 1/24*k**4 - 3*k**z + 1/3*k**3 + 0*k. Determine x(-3).
5
Let u = -135 - -135. Suppose -2*w - 2*w + 8 = u, 4*b + w = -10. Let k(p) be the first derivative of p**4/4 + 2*p**3/3 + p**2 + 2*p + 1. Give k(b).
-13
Let w = 4 - 0. Suppose 4 = 2*u - t, w*u + t = -4*t + 8. Let x(z) = 2*z**2 + 2*z - 3. What is x(u)?
9
Let s(i) = 2*i**2 - 3*i + 2. Let z(j) = 3*j**2 - 5*j + 4. Suppose 16 = -2*n + 6*n. Suppose -4*d - 21 - 7 = 0. Let t(g) = d*s(g) + n*z(g). What is t(2)?
-4
Let i(o) = o**2 + 6*o + 6. Suppose -3*d = 5*f - 3*f - 4, -2*f - 4*d = -2. Suppose -4*k + k = -f*x + 40, 3*k - x + 20 = 0. Calculate i(k).
1
Let r(d) = -6*d - 1. Let l be (-1 + 2)/((-1)/(-13)). Let i = 5 + 6. Let u = l - i. Calculate r(u).
-13
Suppose 0 = 5*z - 4*z - 3. Let a be 4 - -3 - (1 - z). Let f(n) = 7*n**2 - 13*n + 1. Let j(c) = 3*c**2 - 7*c + 1. Let o(i) = 2*f(i) - 5*j(i). Determine o(a).
-3
Let w(g) = 2*g**2 + 2*g + 1. Suppose 64 = 5*c - 2*q, -54 = -c - 2*c - 4*q. Let z = -16 + c. Calculate w(z).
5
Let p(s) = 70*s - 70. Let b be p(1). Let y(k) = 2*k + 35. What is y(b)?
35
Let d(w) be the second derivative of -7*w**3/3 - 21*w - 3. Give d(1).
-14
Let t(j) = j**2 + 2*j + 2. Suppose -4*z = -2*f - 14, -2*f + 6 = 3*z - 2*z. Let n be (f/((-4)/64))/(-1). Let p be (-10)/30 + n/(-6). Calculate t(p).
5
Suppose 1 = 4*t + 4*v - 11, -4*v = -5*t - 3. Let x(w) = -w - 1. Let a(y) = -y - 2. Let h(j) = t*a(j) + x(j). What is h(3)?
-9
Let a = 0 - -4. Let v(w) = -3*w**2 + 60*w + a*w**2 + 3 - 67*w. Calculate v(5).
-7
Let l(t) = t + 1. Suppose -2*d = -5*h - 0*d + 65, -2*d = 7*h - 115. What is l(h)?
16
Let c(d) be the first derivative of d**4/4 + 2*d**3 - 4*d**2 - 8*d + 95. Calculate c(-7).
-1
Suppose g - 106 = -8. Let t = g + -97. Let r(p) = 3*p**2 - p - 1. Let k(i) = -i**2 - i. Let z(a) = k(a) - r(a). Determine z(t).
-3
Let o(h) = 7*h - 1. Let q(k) = k + 11. Let z = 9 - 22. Let d be q(z). Give o(d).
-15
Let d(b) = -b**3 - 13*b**2 - 11*b + 16. Let j be d(-12). Let r(u) be the second derivative of 2*u**2 + 12*u + 0 + 1/20*u**5 + 1/6*u**3 - 1/3*u**4. What is r(j)?
8
Let z(f) be the second derivative of -f**5/20 + f**4 - f**3/6 + 7*f**2/2 - 4*f - 1. What is z(12)?
-5
Suppose 3*c + 3*k = 9, 0 = -c - 2*k - 3*k + 7. Let w(n) = -2*n**2 - 1 + 2*n + n + 0*n**c. Let m = -35 + 38. What is w(m)?
-10
Let m = -4 + 7. Let c = -1 + 4. Let k(g) = -13*g + 10*g - m + c. Determine k(2).
-6
Let l(k) = -4*k - 1. Let f(b) = b**3 - 14*b**2 + 14*b - 11. Let p be f(13). Suppose 6 = -p*s + 4*s. Suppose -g = -2*c + 7*c, 19 = 4*c - s*g. What is l(c)?
-5
Let x be 0 - (2 + 0/(-2)). Let d(h) be the third derivative of h**6/120 + h**5/60 - h**4/8 - h**3/2 - 296*h**2. Calculate d(x).
-1
Let x be 3/9*0 - -1. Let r(c) = 1 - 9*c**3 + 2*c**3 - c + c**2 + 10*c**3. What is r(x)?
4
Let j(o) be the third derivative of 0 - 1/20*o**5 + 2/3*o**3 + 1/120*o**6 - 5/24*o**4 + 7*o + o**2. Let d be (-16)/(-6)*9/6. Determine j(d).
0
Suppose -2*h = 5*n - 0*h + 3, 2*n + h + 1 = 0. Let r(d) = -6*d**3 + 2*d**2 - 1. Let a be r(-2). Let m(c) = a*c + 57*c - 110*c + c**2.